 digit of 1326744611?
4
What is the ten thousands digit of 1061821888?
2
What is the ten thousands digit of 122714302?
1
What is the ten thousands digit of 229564797?
6
What is the units digit of 5754430?
0
What is the ten thousands digit of 1811071?
1
What is the ten thousands digit of 50177725?
7
What is the ten thousands digit of 401457836?
5
What is the ten millions digit of 1568075223?
6
What is the thousands digit of 85005609?
5
What is the hundreds digit of 40852586?
5
What is the units digit of 735904252?
2
What is the thousands digit of 3537356924?
6
What is the units digit of 26292366?
6
What is the hundred thousands digit of 4134618264?
6
What is the billions digit of 1027675357?
1
What is the billions digit of 3171334707?
3
What is the hundreds digit of 7286143?
1
What is the hundred thousands digit of 609528263?
5
What is the ten thousands digit of 51759395?
5
What is the millions digit of 436087984?
6
What is the units digit of 2294425622?
2
What is the hundred thousands digit of 3330399418?
3
What is the hundred thousands digit of 576474012?
4
What is the billions digit of 1269961418?
1
What is the ten thousands digit of 6807058?
0
What is the thousands digit of 994934764?
4
What is the hundred thousands digit of 66344088?
3
What is the hundreds digit of 63067592?
5
What is the hundred millions digit of 224656303?
2
What is the tens digit of 698483410?
1
What is the thousands digit of 607203354?
3
What is the hundred millions digit of 443026868?
4
What is the tens digit of 884579684?
8
What is the hundreds digit of 411728104?
1
What is the ten thousands digit of 214879036?
7
What is the units digit of 110616103?
3
What is the hundred thousands digit of 3458323?
4
What is the units digit of 4745149?
9
What is the millions digit of 58463539?
8
What is the hundred thousands digit of 259060855?
0
What is the ten thousands digit of 2365831497?
3
What is the thousands digit of 114902175?
2
What is the tens digit of 846456875?
7
What is the tens digit of 48693525?
2
What is the hundred millions digit of 1679149076?
6
What is the tens digit of 181779997?
9
What is the hundreds digit of 17178414?
4
What is the hundred millions digit of 849744574?
8
What is the units digit of 366137736?
6
What is the thousands digit of 3822611664?
1
What is the ten thousands digit of 128145269?
4
What is the billions digit of 3390086683?
3
What is the hundred millions digit of 944920042?
9
What is the ten thousands digit of 209049163?
4
What is the hundred thousands digit of 1006694822?
6
What is the hundreds digit of 220646503?
5
What is the units digit of 630716687?
7
What is the thousands digit of 1462513492?
3
What is the units digit of 92498529?
9
What is the millions digit of 52069745?
2
What is the thousands digit of 48928033?
8
What is the tens digit of 132948075?
7
What is the tens digit of 191394423?
2
What is the thousands digit of 72675787?
5
What is the ten millions digit of 1772099748?
7
What is the units digit of 104152516?
6
What is the ten thousands digit of 2433825248?
2
What is the thousands digit of 1417656347?
6
What is the ten thousands digit of 73330859?
3
What is the ten thousands digit of 30816149?
1
What is the thousands digit of 52157180?
7
What is the ten millions digit of 1272678991?
7
What is the ten thousands digit of 634307111?
0
What is the ten thousands digit of 1933689652?
8
What is the hundreds digit of 133712606?
6
What is the millions digit of 166075072?
6
What is the ten thousands digit of 340114588?
1
What is the hundreds digit of 7246201751?
7
What is the billions digit of 5267541511?
5
What is the ten millions digit of 888081288?
8
What is the thousands digit of 65902941?
2
What is the thousands digit of 1791788366?
8
What is the ten thousands digit of 3350962988?
6
What is the tens digit of 44806058?
5
What is the ten millions digit of 280594776?
8
What is the hundreds digit of 647445260?
2
What is the tens digit of 38301699?
9
What is the hundreds digit of 987466327?
3
What is the thousands digit of 29120878?
0
What is the thousands digit of 1266434642?
4
What is the units digit of 31004734?
4
What is the hundred millions digit of 800754954?
8
What is the millions digit of 1240973992?
0
What is the ten thousands digit of 87716382?
1
What is the billions digit of 2277275976?
2
What is the millions digit of 502237463?
2
What is the units digit of 129136026?
6
What is the ten millions digit of 54517626?
5
What is the thousands digit of 599811904?
1
What is the hundred millions digit of 1139668642?
1
What is the ten thousands digit of 82111274?
1
What is the millions digit of 44377848?
4
What is the ten millions digit of 16988152?
1
What is the billions digit of 3268840470?
3
What is the hundred thousands digit of 156880196?
8
What is the ten millions digit of 40989589?
4
What is the hundred thousands digit of 554957556?
9
What is the hundreds digit of 6726949866?
8
What is the tens digit of 2508220512?
1
What is the millions digit of 4876542949?
6
What is the hundreds digit of 391683558?
5
What is the units digit of 22294547?
7
What is the thousands digit of 354168100?
8
What is the ten thousands digit of 1927551197?
5
What is the hundred thousands digit of 2866420?
8
What is the hundred thousands digit of 689980966?
9
What is the ten thousands digit of 268840359?
4
What is the hundreds digit of 46654106?
1
What is the ten millions digit of 1201236700?
0
What is the ten millions digit of 243732477?
4
What is the ten thousands digit of 28533741?
3
What is the ten thousands digit of 8082295198?
9
What is the units digit of 634434212?
2
What is the hundreds digit of 2797505?
5
What is the hundred thousands digit of 40462848?
4
What is the hundreds digit of 435729043?
0
What is the millions digit of 380317606?
0
What is the tens digit of 170695994?
9
What is the hundred thousands digit of 161159448?
1
What is the hundred thousands digit of 104434673?
4
What is the tens digit of 37385744?
4
What is the millions digit of 875152848?
5
What is the ten thousands digit of 144648287?
4
What is the ten millions digit of 366746446?
6
What is the ten millions digit of 1859305809?
5
What is the hundreds digit of 1448265?
2
What is the thousands digit of 2356231965?
1
What is the hundreds digit of 317339791?
7
What is the tens digit of 50737857?
5
What is the billions digit of 1166221831?
1
What is the thousands digit of 5637244358?
4
What is the tens digit of 543511233?
3
What is the tens digit of 6802821794?
9
What is the millions digit of 4868481368?
8
What is the hundreds digit of 22891408?
4
What is the hundreds digit of 190017650?
6
What is the ten thousands digit of 15400307?
0
What is the millions digit of 56165923?
6
What is the hundred thousands digit of 402739386?
7
What is the hundred thousands digit of 125019727?
0
What is the thousands digit of 209511031?
1
What is the hundreds digit of 56996749?
7
What is the hundreds digit of 881042517?
5
What is the billions digit of 1079640188?
1
What is the units digit of 255701664?
4
What is the hundreds digit of 16524607?
6
What is the ten thousands digit of 68293134?
9
What is the tens digit of 29287517?
1
What is the thousands digit of 5048606465?
6
What is the ten thousands digit of 1854875241?
7
What is the units digit of 257313395?
5
What is the ten thousands digit of 779324694?
2
What is the hundreds digit of 55401050?
0
What is the ten thousands digit of 553114956?
1
What is the hundred thousands digit of 3687764408?
7
What is the ten millions digit of 91786072?
9
What is the hundreds digit of 110555380?
3
What is the ten thousands digit of 1544777?
4
What is the hundred thousands digit of 109799886?
7
What is the hundreds digit of 1464385926?
9
What is the ten millions digit of 506891456?
0
What is the thousands digit of 4090581900?
1
What is the hundred thousands digit of 2235414804?
4
What is the thousands digit of 2111180669?
0
What is the thousands digit of 8331051?
1
What is the thousands digit of 115302018?
2
What is the hundred millions digit of 230230917?
2
What is the hundred millions digit of 522157257?
5
What is the ten millions digit of 635725733?
3
What is the thousands digit of 109078076?
8
What is the tens digit of 53649141?
4
What is the hundreds d